etermine r(17).
23
Let k(r) = 4*r**3 + 78*r**2 + 347*r - 29. Give k(-7).
-8
Let i(r) = 7043*r + 133900. Give i(-19).
83
Let d(y) = -14980*y - 9796936. Give d(-654).
-16
Let o(w) = -17830*w + 570549. Give o(32).
-11
Let x(n) = -6482*n - 6300511. Determine x(-972).
-7
Let o(n) = 2*n**2 + 1858*n + 27455. What is o(-15)?
35
Let m(y) = -y**2 - 458*y - 13547. Give m(-32).
85
Let u(f) = -3*f**2 + 35*f - 62. Determine u(2).
-4
Let y(t) = 3*t**3 - 303*t**2 - 897*t - 3406. What is y(104)?
650
Let p(q) = -5*q**2 + 12697*q + 1777153. Determine p(-133).
7
Let p(y) = -12748*y + 89237. Calculate p(7).
1
Let d(t) = -2*t**2 - 30911*t - 278041. Determine d(-9).
-4
Let v(r) = -2*r**3 + 5*r**2 - 2707*r + 8118. Give v(3).
-12
Let b(l) = -2*l**3 + 335*l**2 + 252*l - 70001. Calculate b(167).
-28
Let q(a) = -695*a**2 + 96604*a + 181. What is q(139)?
42
Let k(t) = -19*t**3 - 279*t**2 - 188*t - 79. Give k(-14).
5
Let f(a) = -40*a**2 + 4714*a - 361. Determine f(118).
-1069
Let u(a) = -28*a**2 - 3560*a - 110597. Determine u(-54).
-5
Let x(h) = 25*h**2 + 428*h + 49. Give x(-17).
-2
Let r(x) = 2*x**3 - 452*x**2 + 426*x + 5418. Calculate r(225).
18
Let g(q) = q**3 - 112*q**2 - 1437*q - 6442. Calculate g(124).
-118
Let c(j) = 47*j**2 + 8179*j - 32710. Give c(4).
758
Let c(s) = 134*s - 4217. Calculate c(36).
607
Let p(f) = 55002*f - 275008. Give p(5).
2
Let z(w) = 186*w - 1185. Give z(19).
2349
Let i(a) = -899251*a + 16186524. Give i(18).
6
Let d(q) = q**3 + 144*q**2 - 575*q + 2533. What is d(-148)?
17
Let k(u) = 14*u**2 + 4099*u + 2932. Calculate k(-292).
-280
Let p(k) = -6355*k + 127177. Determine p(20).
77
Let o(l) = -37*l**2 - 11410*l + 11412. Calculate o(1).
-35
Let g(f) = -f**3 - 1334*f**2 + 27203*f - 2460. Give g(20).
0
Let r(s) = s**3 - 58*s**2 + 112*s + 2975. Determine r(55).
60
Let y(f) = -42696*f - 42717. Determine y(-1).
-21
Let u(m) = 3241*m + 61601. Determine u(-19).
22
Let v(f) = -406*f - 9703. What is v(-27)?
1259
Let o(c) = -6*c**2 - 566*c + 1558. Determine o(-97).
6
Let s(p) = -4182*p + 2128628. Determine s(509).
-10
Let f(c) = 4*c**2 + 4*c - 4798. What is f(35)?
242
Let l(n) = -802*n + 473997. Determine l(591).
15
Let m(f) = 3*f**2 + f - 34950. What is m(108)?
150
Let x(n) = -4523*n + 99494. Calculate x(22).
-12
Let q(s) = 2*s**3 - 8*s**2 + 1775*s - 8836. Give q(5).
89
Let a(c) = -155*c + 21679. What is a(140)?
-21
Let v(j) = -9*j**2 + 426*j - 2900. What is v(39)?
25
Let q(v) = 1158*v - 598673. Give q(517).
13
Let y(c) = -2*c**2 + 385*c - 5795. What is y(16)?
-147
Let f(d) = -3*d**2 - 785*d - 4715. What is f(-6)?
-113
Let m(l) = 2*l**3 - 990*l**2 + 1029*l - 20334. Calculate m(494).
-80
Let u(n) = 4*n**3 + 134*n**2 - 193*n + 48. What is u(-35)?
-547
Let c(x) = -9*x**3 + 3*x**2 + 405*x - 400. What is c(1)?
-1
Let b(s) = 47487*s - 474620. What is b(10)?
250
Let d(v) = 53*v**2 + 457*v + 3. Give d(-8).
-261
Let y(p) = -2332*p - 18673. Calculate y(-8).
-17
Let p(k) = 84*k + 4731. Give p(-79).
-1905
Let t(m) = -98*m**2 + 24698*m + 226. Calculate t(252).
730
Let a(g) = 1978*g - 9893. Give a(5).
-3
Let y(a) = -7*a**3 + 868*a**2 - 199*a + 24673. Calculate y(124).
-3
Let j(x) = 1532*x - 49004. What is j(32)?
20
Let j(k) = 319*k**2 + 1994*k - 1674. What is j(-7)?
-1
Let d(t) = -3647*t**2 - 1601034*t - 444. Give d(-439).
-5
Let m(o) = 2*o**3 - 1558*o**2 - 23803*o - 13500. Give m(794).
-2
Let v(i) = 6651071*i + 33255358. What is v(-5)?
3
Let v(u) = 126*u + 18023. Calculate v(-142).
131
Let p(x) = -x**2 - 875*x - 188403. Give p(-492).
33
Let b(c) = -c**3 - 8*c**2 - 4*c + 15. Calculate b(-5).
-40
Let t(o) = 4*o**3 - 174*o**2 + 247*o - 5. What is t(42)?
-215
Let u(d) = -481*d + 131387. Give u(273).
74
Let w(b) = 103*b + 11071. Give w(-111).
-362
Let p(q) = -6108*q - 329829. Give p(-54).
3
Let x(g) = 2*g**2 - 312*g + 10466. Give x(97).
-980
Let v(p) = -9*p**3 - 8*p**2 + 85*p + 316. Give v(-4).
424
Let q(r) = 2*r**3 + 21*r**2 - 272*r + 71. Calculate q(-20).
-2089
Let r(a) = a**3 + 164*a**2 - 2296*a + 1257. Determine r(-177).
372
Let f(g) = -16148*g + 920432. Calculate f(57).
-4
Let r(z) = z**3 + 28*z**2 - 135*z - 2275. Determine r(-30).
-25
Let l(t) = -4*t**3 - 53*t**2 - 162*t - 1171. Determine l(-12).
53
Let j(x) = -12092*x + 60536. Determine j(5).
76
Let c(t) = 10*t**2 - 265*t + 1222. What is c(8)?
-258
Let m(s) = 3*s**3 + 6*s**2 - 92*s - 677. Determine m(-8).
-1093
Let s(j) = -j**3 + 509*j**2 + 2531*j + 20062. What is s(514)?
16
Let o(a) = 9450*a - 227990. Calculate o(24).
-1190
Let j(z) = -792780*z - 7135024. Determine j(-9).
-4
Let t(b) = b**3 + 350*b**2 - 32875*b + 1600. Calculate t(-427).
-108
Let r(a) = 2416*a - 77301. Give r(32).
11
Let o(a) = a**3 - 4*a**2 - 18*a - 67. Determine o(8).
45
Let n(z) = 208*z**3 + 13926*z**2 - 669*z + 50. What is n(-67)?
-17
Let d(a) = 3*a**2 - 361*a - 621656. Calculate d(-399).
-14
Let i(x) = -3*x**3 - 1155*x**2 - 1154*x - 779. Determine i(-384).
-11
Let n(v) = -20*v**2 - 2842*v - 38352. Give n(-127).
2
Let n(q) = 2*q**2 + 15505*q - 232987. Give n(15).
38
Let l(i) = -2*i**3 - 162*i**2 - 466*i + 407. Give l(-78).
251
Let v(o) = 3759*o**2 + 18805*o + 26. Give v(-5).
-24
Let u(n) = -4281*n**2 - 231173*n + 54. Determine u(-54).
0
Let n(s) = -1011*s + 53626. Calculate n(53).
43
Let y(j) = -12902*j + 77470. Calculate y(6).
58
Let g(o) = -109*o**2 + 23720*o + 9151. What is g(218)?
-5
Let j(d) = 35*d**2 + 6894*d + 46367. Determine j(-190).
7
Let z(n) = n**3 + 92*n**2 - 1873*n - 2191. Calculate z(-109).
-11
Let i(y) = 3*y**2 + 883*y - 8050. Determine i(9).
140
Let i(m) = 23907*m + 4948788. Give i(-207).
39
Let o(p) = -2001*p**2 + 2239*p - 244. What is o(1)?
-6
Let b(d) = -12*d**2 - 221*d + 1816. Give b(7).
-319
Let s(b) = 41*b + 1321. Determine s(-27).
214
Let n(m) = 2*m**3 + 113*m**2 + 368*m - 432. Determine n(-53).
-273
Let y(c) = 383*c**2 - 12262*c + 190. What is y(32)?
-2
Let w(h) = -h**3 + 15*h**2 + 16*h - 342. Calculate w(15).
-102
Let q(g) = -691*g - 37980. Give q(-55).
25
Let y(a) = a**2 + 2659*a + 1759018. What is y(-1237)?
4
Let w(q) = q**2 - 930*q + 40663. Determine w(46).
-1
Let s(j) = -365*j**3 + 25*j**2 + 52*j - 4. Give s(-2).
2912
Let r(y) = 243*y**2 + 3674*y + 11014. What is r(-3)?
2179
Let g(l) = l**2 + 273*l - 7623. Calculate g(27).
477
Let q(h) = -h**3 + 447*h**2 + 473498*h - 993. Give q(-500).
7
Let o(w) = w**2 - 5501*w - 55119. Calculate o(-10).
-9
Let d(y) = y**3 + 36*y**2 - 61*y - 4135. Calculate d(-35).
-775
Let h(i) = 4*i**2 + 842*i + 369. Give h(-210).
-51
Let n(q) = -316*q**2 - 1872*q - 5655. Calculate n(-3).
-2883
Let a(w) = -1089*w**2 + 245027*w - 418. Calculate a(225).
32
Let t(y) = y**3 + 6*y**2 - 329*y + 492. What is t(-22)?
-14
Let o(w) = 5*w**2 - 290*w - 7727. Calculate o(-23).
1588
Let t(r) = -r**3 + 112*r**2 + 949*r + 1329. Calculate t(120).
9
Let x(u) = 2*u**3 - 58*u**2 - 119*u + 20. Calculate x(31).
175
Let w(y) = 22193*y - 377212. Give w(17).
69
Let x(w) = -103*w**2 + 799*w - 489. What is x(7)?
57
Let g(c) = c**3 + 681*c**2 - 57582*c - 37859. Give g(-757).
-9
Let u(z) = -3*z**3 - 710*z**2 + 3513*z + 2. Give u(5).
-558
Let q(a) = -3*a**3 + 46*a**2 + 1075*a - 16627. Calculate q(16).
61
Let g(d) = -2468*d - 1111. Determine g(-1).
1357
Let t(m) = -674*m + 24341. Determine t(36).
77
Let x(u) = 272337*u - 817019. Calculate x(3).
-8
Let k(t) = 5*t**2 - 3*t + 361. Calculate k(0).
361
Let u(f) = f**3 + 204*f**2 + 4777*f - 58. Determine u(-27).
-4
Let h(b) = -6*b**2 - 208*b - 242. Give h(-37).
-760
Let o(d) = 27*d**2 + 428*d + 37. What is o(-16)?
101
Let n(v) = 18*v**2 - 61*v + 214. What is n(9)?
1123
Let j(r) = -2*r**3 + 57*r**2 - 34*r - 100. Give j(28).
-268
Let o(u) = -18*u**3 - 45*u**2 + 115*u - 13. Determine o(3).
-559
Let m(q) = -74*q - 196. Determine m(-15).
914
Let l(r) = 8*r**2 + 444*r + 4860. Give l(-15).
0
Let c(u) = -u**2 + 9053*u - 162639. What is c(18)?
-9
Let j(q) = q**3 + 50*q**2 + 172*q + 2736. Give j(-48).
-912
Let j(k) = -k**2 - 6768*k - 47324. Determine j(-7).
3
Let v(t) = -20272*t - 1540694. Determine v(-76).
-22
Let i(j) = -j**3 - 51*j**2 - 65*j + 3393. Calculate i(-47).
-2388
Let n(v) = v**3 + 288*v**2 - 927*v - 2703. Calculate n(5).
-13
Let x(w) = 4*w**2 + 745*w + 7815. What is x(-10)?
765
Let d(j) = -6706*j - 301771. Determine d(-45).
-1
Let k(b) = 2*b**2 + 3339*b - 83941. Calculate k(25